 + b*v + 6 = 0. Let q(r) = -r**3 - 7*r - 7*r**2 - 9 + 4*r - 5*r. What is q(v)?
3
Let d = 8 + -4. Let s(t) = -5*t**2 - 4*t + 8. Let k(a) = a**2 - 1. Let c(f) = 6*k(f) + s(f). Let l be c(d). Let r(h) = -2*h**2 + 2. Determine r(l).
-6
Let y(u) = u**2 + u. Let o(l) = 3*l**2 + 2*l + 1. Let m(a) = o(a) - 2*y(a). What is m(-2)?
5
Let n be (-48)/40*5/(-2). Let x(s) be the second derivative of -2*s + 0 + 3/2*s**2 - 1/6*s**n. What is x(4)?
-1
Let m(l) = -39 + 23 + 0*l + 19 - l. Give m(7).
-4
Let w = 4 - -1. Let z(g) = g**2 - 5*g + 3. What is z(w)?
3
Let a(z) = -z**3 + 5*z**2 - 6. Let x(g) = -2*g**3 + 9*g**2 - 14. Let n(c) = 7*a(c) - 4*x(c). Give n(0).
14
Let j(h) = h**2 + 3*h + 6. Let i be -3 + -5 + 4 - (-1)/(-1). Calculate j(i).
16
Let y(o) = 3*o**2 + 6*o - 4. Let q(p) = 7*p**2 + 11*p - 7. Let k(a) = 4*q(a) - 9*y(a). Determine k(6).
-16
Suppose 0 = -4*d - 0 + 4. Let w(p) = -4*p + 2*p**2 - 4*p**3 + 3 - 2 + 2*p + 0*p. What is w(d)?
-3
Let i(m) = 6*m**2 - m - 1. Let y be (-2 - -1)/(5/(-10)). Suppose -v = u + u + 7, -4*u - 10 = -y*v. Calculate i(v).
6
Suppose -w - 4*w = -5*o, 4*o = -w + 10. Let l(q) = q**2 - 1. Let v be l(2). Let j(u) = -u + u - 2*u - v*u. Determine j(o).
-10
Let c = -2 + 4. Suppose -c*g - b + 1 = -11, -2*g + 12 = -3*b. Let u(l) = -g*l**2 + 5*l**2 + 3*l + 6 - 5*l. Determine u(-5).
-9
Let b(j) be the first derivative of 2*j**3/3 + j**2/2 - 4*j + 4. Let q be (-3 - (-16)/5) + 42/15. Calculate b(q).
17
Let i be 4/(-2)*21/(-6). Suppose i + 8 = -5*s. Let x(r) = -r**3 - 5*r**2 - 2*r + 3. What is x(s)?
-9
Let g be 12/(-10)*(-100)/30. Let b = 38 - g. Let c(a) = a**2 - b + 32 + 0*a**2. What is c(-2)?
2
Let r(o) be the second derivative of o**3/3 - o. Let m = 17 + -9. Let t = m + -5. Calculate r(t).
6
Let f(p) = 2*p**3 + 25*p**2 + 12*p - 4. Let n be f(-12). Let v(o) = -o**3 - 5*o**2 - 4*o + 2. What is v(n)?
2
Let j(a) = -a - 5 + 4 + 2. Let u = -157 - -157. Calculate j(u).
1
Let f(g) = -3*g**2 - g + 7. Let x(w) = 2*w**2 - 6. Let z(h) = -4*f(h) - 5*x(h). Let k be (-6)/30 - 36/20. Calculate z(k).
2
Let z be (-6*4/6)/(-2). Let j = 2 - z. Let w(a) = -1 + a + 6 + 0*a - a**2. Calculate w(j).
5
Suppose -i = 3*i + 60. Let j = i + 14. Let l(c) be the first derivative of -2*c**3 - c**2 - c - 2. Calculate l(j).
-5
Let h(x) = x**3 - 4*x + 3*x**2 - 4*x**2 + 7 + 5*x**2. Let s be 0*(-1)/2*-1. Suppose 3*z - 1 + 16 = s. Give h(z).
2
Let n(i) = 7*i**2 - 1. Let u be (3/2)/((-24)/(-80)). Let x = u + -6. Calculate n(x).
6
Let q(d) = -2*d**2 - 3*d + 4. Let b(g) = 3*g**2 + 2*g - 4. Let m(z) = -z - 1. Let a be m(-5). Let p(w) = a*q(w) + 3*b(w). What is p(6)?
4
Let h(p) be the second derivative of -p**3/6 + 11*p**2/2 + p. What is h(0)?
11
Suppose -6 = z - 4*z. Let p be (-1 + 2 - z)*-3. Suppose 5*o + 7 = -p. Let x(b) = -2*b**2 - 2*b - 1. Determine x(o).
-5
Suppose s + 2 = 5*r, -5*r - 2*s + 8 = -s. Let n be (0 - 0)*-1*r. Let x(w) = w + 4. Let k(q) = -q - 3. Let t(l) = 7*k(l) + 6*x(l). Calculate t(n).
3
Let l(h) = -4 + 3 - h + 2. Let y be 2/(-6) - 7/(-3). What is l(y)?
-1
Suppose 0 + 4 = 2*b. Suppose 3*m - b*m + 2*n - 7 = 0, 3*m + n - 11 = 0. Let g(q) be the first derivative of q**4/4 - q**3 - q**2 + 3*q - 1. Calculate g(m).
-3
Let n = -15 - -18. Let g(m) = m + 3. Give g(n).
6
Let w(o) = -5*o**3 - o**2 + o + 1. Let r(a) = -a - 2. Let m be r(-5). Suppose -u = 2*u + m. What is w(u)?
4
Let n(p) = 2*p - 3. Suppose -5*s + 7 = -3. Calculate n(s).
1
Let i(w) = w**3 - 5*w + 2. Let x(d) = -d + 0*d**2 + 1 + 0*d + 0*d - d**2. Let r(m) = -i(m) + 5*x(m). Give r(-5).
3
Let q = 140 + -134. Let w(p) be the third derivative of -p**4/12 - p**3/6 - p**2. Determine w(q).
-13
Let k(c) = -c**2 + 5*c - 3. Let x = 21 - 18. Let p be -2 + (x - 2)*7. Give k(p).
-3
Let a be (-27)/(-4) + (-3)/(-12). Let q = a - 4. Let v(y) = 4*y - y**q + 0 + 2 - 3 - y**2. Give v(-3).
5
Let w be 6 + (-5 - (3 + -6)). Let f be ((-16)/24)/(w/18). Let b(l) = 3*l + 4. Calculate b(f).
-5
Let n(d) = -2*d**2 + 24*d - 16. Let u be n(11). Let p(k) = -4*k - 9 - k + 1 + k**2. Determine p(u).
-2
Let n(d) = d + 1. Let x be n(4). Suppose -f = x*z - 3 - 20, 3*f - 4*z = -26. Let s(j) be the second derivative of -j**5/20 + j**3/3 + j**2 + j. What is s(f)?
6
Let z(t) be the third derivative of t**4/12 - t**3/2 + t**2. Let i be z(3). Let d be i/3*1 + -3. Let o(m) = -2*m. Calculate o(d).
4
Let z(g) be the second derivative of g**3/6 + g**2/2 + 4*g. Let m be z(0). Let x(c) = -3*c**2 + c - 1. What is x(m)?
-3
Let y(p) be the second derivative of 0 + 1/6*p**3 + 1/2*p**2 - 2*p. What is y(2)?
3
Let l(v) = 15*v**3 + 1 + 2*v**2 + 2*v**2 - 9*v**3 - 3*v - 7*v**3. What is l(4)?
-11
Let x(q) = q**2 + 4*q - 1. Let j(s) = s**3 - s + 2. Let y be j(0). Let u(m) = m**2 - m - 1. Let h(g) = y*u(g) - x(g). Determine h(7).
6
Suppose 0 = -12*g + 6*g - 6. Let m(o) be the first derivative of -3*o**4/4 + o**2 + o - 1. Calculate m(g).
2
Suppose -5*f = -10 - 0. Let m = -11 - -16. Let v(b) = 2 - 5 - m*b**f + 2. What is v(-1)?
-6
Let l(x) = x**2 - 2*x + 1. Let v be l(3). Let m(f) = -f - f + f + v*f**2 + 1. Let u be m(1). Let b(z) = z**2 - 5*z + 1. Give b(u).
-3
Let b(r) = -r**2 + 6*r - 3. Suppose 9 = 2*l + 3. Suppose -5*y + l*s = -2*s - 5, 0 = y - 5*s + 15. Calculate b(y).
2
Let m(x) be the second derivative of x**5/30 + x**4/6 + x**3/6 - 3*x**2/2 + 2*x. Let b(f) be the first derivative of m(f). Give b(-3).
7
Let g(x) = -5. Let p(v) = 2. Let j(o) = -3*g(o) - 8*p(o). Let n(y) = 6*y + 6. Let s(l) = 5*j(l) + n(l). Give s(-1).
-5
Let b(x) = -x**2 + 5*x + 1. Let i be -5 - (-2)/(2 - 1). Let k(q) = -q - 1. Let z(d) = 3*d + 3. Let a(c) = -9*k(c) - 4*z(c). Let t be a(i). Determine b(t).
-5
Suppose 0 = 12*b - 14*b + 12. Let q(w) be the first derivative of w**2 - 9*w - 1. Calculate q(b).
3
Let q(s) = -9*s + 5. Let i(g) be the first derivative of -7*g**2 + 8*g + 1. Let m(t) = 5*i(t) - 8*q(t). Give m(2).
4
Let g(j) = -j - 7. Suppose -3*b - 19 = -1. What is g(b)?
-1
Let u be 63/(-13) - (-4)/(-26). Let a(m) be the first derivative of -m**2/2 - 2*m - 3. Give a(u).
3
Let l be 0/(-40) + 10/(-2). Let y(p) = -3*p + 5. What is y(l)?
20
Let h(v) be the second derivative of -5/6*v**3 - 3/2*v**2 + 2*v + 1/12*v**4 + 0. Determine h(5).
-3
Let l(d) = d**2 - 2*d - 1. Let w be 6*(1 + 1)/4. Calculate l(w).
2
Let a be 28/(-6)*(-18)/12. Let i(d) = -3*d - d + a*d - d. Determine i(-4).
-8
Let g be 0*(0 + 3 + -2). Let k(h) = -3 + g*h - h**2 + 4 + 2*h. Calculate k(2).
1
Let v(m) = m**3 - 5*m**2 + 3*m + 4. Let f(q) = -q**2 + q + 2. Let k be f(-2). Let t = k - -7. Determine v(t).
-5
Let v(j) = 2*j**2 + 3. Let h be ((-3)/(-3))/((-3)/(-24)). Let q = -12 + h. Let f(l) = 3*l**2 - l + 3. Let m(x) = q*v(x) + 3*f(x). Calculate m(4).
1
Suppose -2 + 1 = -o. Suppose -o - 2 = -g. Let n(u) be the second derivative of -u**4/12 + u**3/2 - 3*u**2/2 + 5*u. Give n(g).
-3
Let t(w) = w**3 - 2*w**2 - 1. Let q be t(3). Let f(b) = q*b - 4 - b**2 + 0*b**2 - 2 - 2. Calculate f(6).
4
Let z(j) = -j**2 + 2*j + 4. Let i be z(4). Let m be i/6 - 12/(-18). Let a(c) = c**3 + c**2 - 4. Determine a(m).
-4
Let d(r) = r**2 - 6*r + 4. Suppose 3*l - 6*t = -2*t + 7, l - 13 = -4*t. Determine d(l).
-1
Let f be 36/28 + (-2)/7. Let x(l) = 8*l**2 + l. Calculate x(f).
9
Suppose -2*o + 15*o = 3*o. Let b(p) = p - 4. Determine b(o).
-4
Suppose -4*d - 9 = 2*u + 3, -5*u - 12 = 4*d. Let c(h) = h**3 - 6. Calculate c(u).
-6
Let w be ((-14)/(-21))/(4/18). Suppose w = m + 1. Let q = 6 - m. Let n(s) = s**2 - 4. Determine n(q).
12
Let x(v) = v**3 - 6*v**2 + 6*v - 1. Let t(l) = -l - 7. Let y be t(5). Let g = 17 + y. Suppose -g*o + 13 + 12 = 0. What is x(o)?
4
Let f(s) be the first derivative of 2*s**3/3 + s + 1. Suppose -o = -5*t + 15, 0 = -o + 5*o + 20. Suppose t*g - 6*g = -4. Give f(g).
3
Let o(y) = 4*y**3 + 6*y**2 - 4*y - 1. Let v(g) = -g**3 - g**2 - 1. Let p(b) = -o(b) - 3*v(b). Let x = -7 - -3. What is p(x)?
4
Let i(w) = -5*w - 15. Let k(x) = x + 4. Let j(o) = 2*i(o) + 9*k(o). What is j(7)?
-1
Let n(k) = -k**2 + 0*k**2 + 36 + 30 - 68 + 2*k. Determine n(2).
-2
Suppose 0 = -a - a + 4. Let d(o) = 13*o**2 + 0 - a*o - 3*o**3 + 2 - 6*o**3. Let w(v) = -5*v**3 + 7*v**2 - v + 1. Let z(x) = -6*d(x) + 11*w(x). Give z(1).
-2
Let j(s) = -s**2 + 8*s + 7. Let u be 6*((-3)/2 + (-3)/(-1)). What is j(u)?
-2
Let p(t) = -3*t - 6. Let v(s) = -s**3 - 8*s**2 + 10*s + 5. Let a(m) 